
In base 9, what is -40 - 54408?
-54448
In base 3, what is 1001120 + 21202122?
22211012
In base 13, what is 46b + -2235b?
-21bc0
In base 5, what is -1122 + 232404204?
232403032
In base 16, what is 2fc1 + -6467?
-34a6
In base 2, what is -11 - -1001100101101110110100110?
1001100101101110110100011
In base 7, what is 1100134 - 155?
1066646
In base 6, what is 501 + 15332142?
15333043
In base 6, what is 530 - 21535?
-21005
In base 13, what is 0 - -243bc19?
243bc19
In base 11, what is -1 + -71a67?
-71a68
In base 10, what is 99099 + 3641?
102740
In base 10, what is -7797 + 6935?
-862
In base 2, what is 1011110111000 - 1000010?
1011101110110
In base 14, what is 7c85c - 9?
7c853
In base 14, what is 1 + -10d946c?
-10d946b
In base 15, what is 16e8 - 7cec?
-6604
In base 12, what is 1713a58 - 11?
1713a47
In base 2, what is 100100000010100100 - 10000011111?
100011110010000101
In base 7, what is -524065 + 41?
-524024
In base 16, what is -3 - 14a5ec?
-14a5ef
In base 5, what is 40 + 410421424?
410422014
In base 15, what is -4 - 27b0e0a?
-27b0e0e
In base 12, what is -2931a68 - 3?
-2931a6b
In base 2, what is -1101101110101100110 - 10010?
-1101101110101111000
In base 13, what is 356 - -23ca81?
240107
In base 16, what is -151 + 7312?
71c1
In base 11, what is -57 - -31307?
31260
In base 10, what is -13350350 - 2?
-13350352
In base 4, what is -223 + 320132111?
320131222
In base 13, what is 25649 - 3304?
22345
In base 15, what is -46d27a0 - -4?
-46d279b
In base 3, what is 221111010120211 + -11?
221111010120200
In base 9, what is -15203003 + -4?
-15203007
In base 15, what is -2017 + -228?
-2240
In base 15, what is 234418 - -1?
234419
In base 8, what is -5 + -22372264?
-22372271
In base 7, what is 5 + 6414523?
6414531
In base 7, what is 300 + -54020?
-53420
In base 12, what is 8a5 - -9467?
a150
In base 9, what is 5 + 82580686?
82580702
In base 10, what is 5 + -68869817?
-68869812
In base 9, what is 44041 - 16186?
26744
In base 9, what is -35435 + 300?
-35135
In base 7, what is 212255134 + 0?
212255134
In base 7, what is 1455 - -2156?
3644
In base 14, what is 5 + 1585513a?
15855141
In base 11, what is -106025 - 136?
-106160
In base 10, what is 3313 - 70?
3243
In base 4, what is 32301123110 + -10?
32301123100
In base 4, what is -10 - -20203020330322?
20203020330312
In base 10, what is 18834 + -369?
18465
In base 3, what is 20121002 - -1212221211?
2010112220
In base 9, what is 217 + 28361?
28578
In base 15, what is 3 + 6639a1?
6639a4
In base 6, what is -3400 + -110241?
-114041
In base 14, what is d30984 + 4?
d30988
In base 13, what is -566c70 - -17?
-566c56
In base 6, what is 15 + -40110255?
-40110240
In base 16, what is -1302c9 - 2e?
-1302f7
In base 5, what is -3122113442 + -4?
-3122114001
In base 6, what is 1423321 + -21350?
1401531
In base 6, what is -532401123 + 11?
-532401112
In base 11, what is 3 - -1528a8?
152900
In base 11, what is 2aa7a5 - -71?
2aa866
In base 15, what is 224e97 - 65?
224e32
In base 13, what is -4469 + -1511?
-597a
In base 6, what is -1032253232 - 5?
-1032253241
In base 9, what is 6080164 - 2?
6080162
In base 2, what is -100001100011 - -1100001100110?
1000000000011
In base 4, what is 1 - 13003300212?
-13003300211
In base 3, what is 12 - 11001222010222?
-11001222010210
In base 15, what is -adce91 - 0?
-adce91
In base 7, what is 136553134 - -11?
136553145
In base 12, what is 36 - 91536?
-91500
In base 12, what is 3396 + 1a8?
3582
In base 13, what is 25196460 - 3?
2519645a
In base 4, what is -110101 + -1301123?
-2011230
In base 10, what is 11 - 101637?
-101626
In base 16, what is 7 + -110f81d?
-110f816
In base 16, what is 2c - bf1e2?
-bf1b6
In base 11, what is 7 + 86985a07?
86985a13
In base 14, what is -12 - -bba23?
bba11
In base 10, what is 11071 + 42830?
53901
In base 7, what is -1533220302 + 2?
-1533220300
In base 16, what is abccf + -2d?
abca2
In base 11, what is -2677429 - 3?
-2677431
In base 13, what is -1 - -286a5?
286a4
In base 3, what is 210101012002 - 1021?
210101010211
In base 8, what is -150 - -156657?
156507
In base 7, what is 5243 - -20261?
25534
In base 6, what is -100032525 + -243?
-100033212
In base 8, what is -421003 - 356?
-421361
In base 15, what is -2 + -a3741a?
-a3741c
In base 5, what is -4041 - -24312233?
24303142
In base 12, what is 1173b13 - b?
1173b04
In base 7, what is 105013 + -24230?
50453
In base 3, what is 1 + 102112122001002?
102112122001010
In base 3, what is -102111111011 - 202110?
-102112020121
In base 14, what is 7424166 + -3?
7424163
In base 6, what is 535 + 30333?
31312
In base 4, what is -1 - -202112030232?
202112030231
In base 8, what is -11143230 + -4?
-11143234
In base 10, what is 186336 + -73?
186263
In base 5, what is -2343 - -1031100?
1023202
In base 8, what is 27 + 53105477?
53105526
In base 8, what is -5 + 53312354?
53312347
In base 3, what is 1000120202220 - 1002?
1000120201211
In base 13, what is -125 - -a5686?
a5561
In base 11, what is 260 + 1065a79?
1066229
In base 14, what is dcc - 15849?
-1485b
In base 9, what is -427 - 36321?
-36748
In base 5, what is -132 - 42432330?
-42433012
In base 2, what is 10100100 - 11001000010100111?
-11001000000000011
In base 11, what is 9245058 + 2?
924505a
In base 5, what is 211014 - -133000?
344014
In base 11, what is 643686 - 5?
643681
In base 7, what is -16 + 12131031?
12131012
In base 3, what is 122001011 + 12212?
122021000
In base 13, what is -26397b + -41?
-2639bc
In base 14, what is -4a1a + 1802?
-3218
In base 13, what is 0 - 1b3934?
-1b3934
In base 14, what is -a1b96 + 321?
-a1875
In base 10, what is -2439 - 54323?
-56762
In base 10, what is 1039634 + 17?
1039651
In base 3, what is 2110 + -10210222212222?
-10210222210112
In base 12, what is 1 - 1771b41?
-1771b40
In base 15, what is 4 + -381a0dc?
-381a0d8
In base 4, what is -2313 + 2323100?
2320121
In base 15, what is 0 - 54e5355?
-54e5355
In base 11, what is 12 - 7339165?
-7339153
In base 16, what is 41a - 2938c?
-28f72
In base 14, what is -5 + -d205b?
-d2062
In base 16, what is -180d12 - -3?
-180d0f
In base 3, what is -100022 - -221010022210?
221002222111
In base 13, what is -3 + -5a4244b?
-5a42451
In base 2, what is 100001101110110110001001111111 - -1?
100001101110110110001010000000
In base 5, what is 4121 - 13031230?
-13022104
In base 13, what is 2533 + 78a?
2cc0
In base 5, what is -21014342034 + 10?
-21014342024
In base 3, what is -11101220100201 + 10020?
-11101220020111
In base 3, what is -20 + -1211202020011?
-1211202020101
In base 7, what is 216126 - -124?
216253
In base 7, what is -301 + 565605?
565304
In base 2, what is 1000100 + -11101010110100100?
-11101010101100000
In base 3, what is 0 - 120022101121220222?
-120022101121220222
In base 15, what is 4d3 + -3a5da?
-3a107
In base 7, what is -2252224 + -550?
-2253104
In base 8, what is 70602 + -11012?
57570
In base 11, what is 2896a68 - 5a?
2896a09
In base 3, what is -1 + 2022100120010?
2022100120002
In base 8, what is 11424 - -74352?
105776
In base 15, what is -d691bc + 1?
-d691bb
In base 16, what is b1 + -3c7a?
-3bc9
In base 5, what is 20 - 1012343423?
-1012343403
In base 5, what is -1100212 + 4144124?
3043412
In base 13, what is 9033 + 1390?
a3c3
In base 5, what is -30 + 12020131441?
12020131411
In base 2, what is 11000 + -1001110000100000100000?
-1001110000100000001000
In base 7, what is 355335533 + -50?
355335453
In base 16, what is -3d - -26c8ee?
26c8b1
In base 9, what is 20777142 - 5?
20777136
In base 13, what is -5c + -cb557?
-cb5b6
In base 3, what is 111 - 202212022211?
-202212022100
In base 13, what is -519 + -65c55?
-66471
In base 5, what is -14332 - 10011?
-24343
In base 4, what is -2102023331 + -101?
-2102030032
In base 12, what is 1b35ab - -55?
1b3644
In base 16, what is -2dc - 588?
-864
In base 8, what is -62 + -2110644?
-2110726
In base 14, what is 13 - -7413a1?
7413b4
In base 9, what is -632806 + 163?
-632633
In base 6, what is 2332504215 + 21?
2332504240
In base 5, what is 1023223033314 + -2?
1023223033312
In base 15, what is 10cc - ab19?
-9a3c
In base 14, what is 3013 + 18375?
1b388
In base 5, what is 113343 + -423413?
-310020
In base 3, what is 12102 + -20000110?
-12211001
In base 13, what is 2 + -2bca080?
-2bca07b
In base 14, what is -18c23 - 94?
-18cb7
In base 3, what is -10021222120210 - -112201?
-10021222001002
In base 9, what 